tors of 106714.
2, 229, 233
List the prime factors of 14325.
3, 5, 191
What are the prime factors of 67812?
2, 3, 5651
List the prime factors of 23941.
89, 269
What are the prime factors of 8260?
2, 5, 7, 59
List the prime factors of 37967.
37967
List the prime factors of 35954.
2, 17977
List the prime factors of 688.
2, 43
What are the prime factors of 1862?
2, 7, 19
What are the prime factors of 574?
2, 7, 41
List the prime factors of 27195.
3, 5, 7, 37
List the prime factors of 1017.
3, 113
List the prime factors of 110.
2, 5, 11
List the prime factors of 4610.
2, 5, 461
What are the prime factors of 78?
2, 3, 13
What are the prime factors of 5998?
2, 2999
What are the prime factors of 995?
5, 199
List the prime factors of 369.
3, 41
List the prime factors of 29010.
2, 3, 5, 967
What are the prime factors of 41839?
7, 43, 139
List the prime factors of 12916.
2, 3229
What are the prime factors of 2258?
2, 1129
List the prime factors of 11908.
2, 13, 229
What are the prime factors of 52432?
2, 29, 113
What are the prime factors of 1011?
3, 337
What are the prime factors of 5224?
2, 653
What are the prime factors of 4691?
4691
List the prime factors of 36368.
2, 2273
List the prime factors of 58663.
11, 5333
What are the prime factors of 18703?
59, 317
List the prime factors of 4562.
2, 2281
List the prime factors of 45378.
2, 3, 2521
List the prime factors of 3635.
5, 727
List the prime factors of 1618.
2, 809
What are the prime factors of 27792?
2, 3, 193
What are the prime factors of 44036?
2, 101, 109
List the prime factors of 424.
2, 53
List the prime factors of 3355.
5, 11, 61
List the prime factors of 9718.
2, 43, 113
What are the prime factors of 6825?
3, 5, 7, 13
List the prime factors of 815.
5, 163
List the prime factors of 4975.
5, 199
What are the prime factors of 89189?
89189
What are the prime factors of 1861?
1861
What are the prime factors of 177?
3, 59
List the prime factors of 356.
2, 89
List the prime factors of 11311.
11311
List the prime factors of 94.
2, 47
What are the prime factors of 673?
673
What are the prime factors of 38047?
38047
What are the prime factors of 983?
983
What are the prime factors of 2362?
2, 1181
What are the prime factors of 16621?
11, 1511
What are the prime factors of 578?
2, 17
What are the prime factors of 4183?
47, 89
What are the prime factors of 91348?
2, 41, 557
What are the prime factors of 144837?
3, 7, 11, 19
What are the prime factors of 10335?
3, 5, 13, 53
List the prime factors of 774.
2, 3, 43
List the prime factors of 31553.
139, 227
List the prime factors of 22.
2, 11
What are the prime factors of 20533?
20533
List the prime factors of 888.
2, 3, 37
List the prime factors of 4363.
4363
What are the prime factors of 38217?
3, 12739
What are the prime factors of 5469?
3, 1823
What are the prime factors of 482?
2, 241
What are the prime factors of 117524?
2, 11, 2671
What are the prime factors of 15015?
3, 5, 7, 11, 13
What are the prime factors of 440?
2, 5, 11
What are the prime factors of 7359?
3, 11, 223
What are the prime factors of 8421?
3, 7, 401
List the prime factors of 1303.
1303
What are the prime factors of 5093?
11, 463
What are the prime factors of 244?
2, 61
List the prime factors of 414.
2, 3, 23
List the prime factors of 54.
2, 3
What are the prime factors of 5748?
2, 3, 479
What are the prime factors of 588?
2, 3, 7
What are the prime factors of 41936?
2, 2621
What are the prime factors of 996?
2, 3, 83
List the prime factors of 16820.
2, 5, 29
List the prime factors of 2155.
5, 431
What are the prime factors of 11383?
11383
List the prime factors of 6462.
2, 3, 359
List the prime factors of 4455.
3, 5, 11
List the prime factors of 297.
3, 11
What are the prime factors of 9942?
2, 3, 1657
List the prime factors of 2952.
2, 3, 41
List the prime factors of 33665.
5, 6733
List the prime factors of 55463.
37, 1499
List the prime factors of 3694.
2, 1847
What are the prime factors of 2234?
2, 1117
List the prime factors of 4641.
3, 7, 13, 17
List the prime factors of 93032.
2, 29, 401
What are the prime factors of 31701?
3, 10567
List the prime factors of 14175.
3, 5, 7
What are the prime factors of 2408?
2, 7, 43
List the prime factors of 2438.
2, 23, 53
List the prime factors of 3850.
2, 5, 7, 11
List the prime factors of 4689.
3, 521
What are the prime factors of 16755?
3, 5, 1117
List the prime factors of 7541.
7541
What are the prime factors of 3819?
3, 19, 67
List the prime factors of 569.
569
What are the prime factors of 7470?
2, 3, 5, 83
What are the prime factors of 2937?
3, 11, 89
List the prime factors of 4150.
2, 5, 83
What are the prime factors of 12694?
2, 11, 577
What are the prime factors of 1298?
2, 11, 59
What are the prime factors of 7385?
5, 7, 211
What are the prime factors of 33739?
33739
What are the prime factors of 61054?
2, 7, 89
List the prime factors of 18775.
5, 751
List the prime factors of 1153.
1153
What are the prime factors of 1948?
2, 487
List the prime factors of 3753.
3, 139
List the prime factors of 480.
2, 3, 5
What are the prime factors of 118332?
2, 3, 19, 173
List the prime factors of 39030.
2, 3, 5, 1301
What are the prime factors of 23197?
23197
List the prime factors of 3822.
2, 3, 7, 13
What are the prime factors of 3647?
7, 521
List the prime factors of 9663.
3, 3221
What are the prime factors of 9226?
2, 7, 659
What are the prime factors of 3854?
2, 41, 47
List the prime factors of 2912.
2, 7, 13
What are the prime factors of 1279?
1279
What are the prime factors of 14853?
3, 4951
List the prime factors of 8460.
2, 3, 5, 47
List the prime factors of 3829.
7, 547
List the prime factors of 486.
2, 3
List the prime factors of 535.
5, 107
What are the prime factors of 1006?
2, 503
What are the prime factors of 8443?
8443
What are the prime factors of 1405?
5, 281
What are the prime factors of 987?
3, 7, 47
What are the prime factors of 2242?
2, 19, 59
List the prime factors of 10668.
2, 3, 7, 127
What are the prime factors of 4774?
2, 7, 11, 31
List the prime factors of 1138.
2, 569
What are the prime factors of 7825?
5, 313
List the prime factors of 1358.
2, 7, 97
What are the prime factors of 28834?
2, 13, 1109
List the prime factors of 1335.
3, 5, 89
List the prime factors of 1088.
2, 17
What are the prime factors of 4990?
2, 5, 499
List the prime factors of 77157.
3, 8573
What are the prime factors of 977?
977
What are the prime factors of 16319?
16319
What are the prime factors of 360?
2, 3, 5
List the prime factors of 7360.
2, 5, 23
List the prime factors of 1482.
2, 3, 13, 19
What are the prime factors of 8363?
8363
What are the prime factors of 9061?
13, 17, 41
List the prime factors of 54995.
5, 17, 647
What are the prime factors of 4462?
2, 23, 97
List the prime factors of 22523.
101, 223
What are the prime factors of 79445?
5, 15889
What are the prime factors of 11319?
3, 7, 11
List the prime factors of 7688.
2, 31
What are the prime factors of 51278?
2, 25639
List the prime factors of 119617.
119617
List the prime factors of 1320.
2, 3, 5, 11
List the prime factors of 16970.
2, 5, 1697
List the prime factors of 32299.
32299
List the prime factors of 3103.
29, 107
List the prime factors of 749.
7, 107
What are the prime factors of 2248?
2, 281
List the prime factors of 50610.
2, 3, 5, 7, 241
List the prime factors of 6529.
6529
List the prime factors of 973.
7, 139
What are the prime factors of 574?
2, 7, 41
What are the prime factors of 10265?
5, 2053
List the prime factors of 9103.
9103
List the prime factors of 1873.
1873
What are the prime factors of 1102?
2, 19, 29
What are the prime factors of 20599?
20599
List the prime factors of 459.
3, 17
List the prime factors of 398.
2, 199
What are the prime factors of 6353?
6353
What are the prime factors of 1554?
2, 3, 7, 37
What are the prime factors of 103913?
103913
List the prime factors of 28161.
3, 7, 149
What are the prime factors of 5432?
2, 7, 97
List the prime factors of 22741.
22741
List the prime factors of 9606.
2, 3, 1601
List the prime factors of 15219.
3, 19, 89
List the prime factors of 1200.
2, 3, 5
What are the prime factors of 1438?
2, 719
List the prime factors of 1377.
3, 17
What are the prime factors of 125274?
2, 3, 20879
What are the prim